{"id":257,"date":"2022-08-22T16:03:35","date_gmt":"2022-08-22T14:03:35","guid":{"rendered":"https:\/\/www.medizinkarlsruhe.de\/?page_id=257"},"modified":"2023-09-22T19:42:40","modified_gmt":"2023-09-22T17:42:40","slug":"impressum","status":"publish","type":"page","link":"https:\/\/www.medizinkarlsruhe.de\/?page_id=257","title":{"rendered":"Impressum"},"content":{"rendered":"\t\t<div data-elementor-type=\"wp-page\" data-elementor-id=\"257\" class=\"elementor elementor-257\" data-elementor-post-type=\"page\">\n\t\t\t\t\t\t<section class=\"elementor-section elementor-top-section elementor-element elementor-element-6e238b8 elementor-section-boxed elementor-section-height-default elementor-section-height-default\" data-id=\"6e238b8\" data-element_type=\"section\" data-e-type=\"section\">\n\t\t\t\t\t\t<div class=\"elementor-container elementor-column-gap-default\">\n\t\t\t\t\t<div class=\"elementor-column elementor-col-100 elementor-top-column elementor-element elementor-element-da0a5ff\" data-id=\"da0a5ff\" data-element_type=\"column\" data-e-type=\"column\">\n\t\t\t<div class=\"elementor-widget-wrap elementor-element-populated\">\n\t\t\t\t\t\t<div class=\"elementor-element elementor-element-3fc6651 elementor-widget elementor-widget-spacer\" data-id=\"3fc6651\" data-element_type=\"widget\" data-e-type=\"widget\" data-widget_type=\"spacer.default\">\n\t\t\t\t<div class=\"elementor-widget-container\">\n\t\t\t\t\t\t\t<div class=\"elementor-spacer\">\n\t\t\t<div class=\"elementor-spacer-inner\"><\/div>\n\t\t<\/div>\n\t\t\t\t\t\t<\/div>\n\t\t\t\t<\/div>\n\t\t\t\t\t<\/div>\n\t\t<\/div>\n\t\t\t\t\t<\/div>\n\t\t<\/section>\n\t\t\t\t<section class=\"elementor-section elementor-top-section elementor-element elementor-element-7a6f313 elementor-section-boxed elementor-section-height-default elementor-section-height-default\" data-id=\"7a6f313\" data-element_type=\"section\" data-e-type=\"section\">\n\t\t\t\t\t\t<div class=\"elementor-container elementor-column-gap-default\">\n\t\t\t\t\t<div class=\"elementor-column elementor-col-100 elementor-top-column elementor-element elementor-element-4f3c7a1\" data-id=\"4f3c7a1\" data-element_type=\"column\" data-e-type=\"column\">\n\t\t\t<div class=\"elementor-widget-wrap elementor-element-populated\">\n\t\t\t\t\t\t<div class=\"elementor-element elementor-element-7357770 elementor-widget elementor-widget-text-editor\" data-id=\"7357770\" data-element_type=\"widget\" data-e-type=\"widget\" data-widget_type=\"text-editor.default\">\n\t\t\t\t<div class=\"elementor-widget-container\">\n\t\t\t\t\t\t\t\t\t<h1>Impressum<\/h1>\n<p><strong>Angaben gem\u00e4\u00df \u00a7 5 TMG:<\/strong><\/p>\n<p><strong><span style=\"mso-fareast-font-family: 'Times New Roman'; mso-bidi-font-family: Calibri; mso-bidi-theme-font: minor-latin; mso-fareast-language: DE;\">Name der Gemeinschaftspraxis: MedizInKarlsruhe.de <span style=\"mso-spacerun: yes;\">&nbsp;<\/span>\u2013 \u00dcber\u00f6rtliche Berufsaus\u00fcbungsgemeinschaft f\u00fcr Allgemeine und Innere Medizin<\/span><\/strong><br>Inhaber: Falk Dillmann, Dr. med. Dieter Geiger, Dr. med. Hermann Goebel, Christian Hauf M.Sc.<\/p>\n<p><b>Gesellschaftsform:<\/b> GbR<\/p>\n<p><b>Hauptbetriebsst\u00e4tte: Internistisches Diagnostikzentrum Karlsruhe<br><\/b><span style=\"font-size: 16px;\">Rintheimer Str. 90, 76131 Karlsruhe<br><\/span><span style=\"font-size: 16px;\">Tel. 0721 \/ 957 953 90<\/span><\/p><p><\/p>\n<p><strong>Nebenbetriebsst\u00e4tte: Praxis Oststadt<\/strong><br>Haid-und-Neu-Str. 32, 76131 Karlsruhe<br>Tel. 0721 \/ 69 73 75<\/p>\n<p><strong>Nebenbetriebsst\u00e4tte: Praxis Weststadt<br><\/strong>Bismarckstr. 59, 76131 Karlsruhe<br>Tel. 0721 \/ 27884<\/p>\n<p><br><\/p>\n<p><strong style=\"font-size: 16px;\">Vertreten durch:<br><\/strong>Christian Hauf, M.Sc.<br>Rintheimer Str. 90<br>76131 Karlsruhe<br><b>Tel: 0721 \/ 480 765 0<\/b><br>Fax: 0721 \/ 480 765 99<\/p>\n<p><strong>Aufsichtsbeh\u00f6rde:<\/strong><br>Berufsbezeichnung: Arzt<br>Verliehen durch: Deutschland<br>Zust\u00e4ndige Kammer: <span style=\"color: #0000ff;\"><a style=\"color: #0000ff;\" href=\"https:\/\/www.aerztekammer-bw.de\/\">\u00c4rztekammer Baden-W\u00fcrttemberg<\/a><\/span><br>Zust\u00e4ndige Kassen\u00e4rztliche Vereinigung: <span style=\"color: #0000ff;\"><a style=\"color: #0000ff;\" href=\"https:\/\/www.kvbawue.de\/\">KV Baden-W\u00fcrrtemberg<\/a><br><\/span>Das geltende Heilberufs- bzw. Kammergesetz des Landes finden Sie auf der Internetseite der <a href=\"https:\/\/www.aerztekammer-bw.de\/\"><span style=\"color: #0000ff;\">Landes\u00e4rztekammer Baden-W\u00fcrttemberg<\/span><\/a><\/p>\n<p><strong>Bilder:<\/strong> Gemeinschaftspraxis Rintheim \/ shutterstock<\/p>\n<p><strong>Nutzung dieses Internetauftritts\/ Copyright\/ Haftungsausschluss:<\/strong><br>S\u00e4mtliche auf unseren Seiten genannten Warenzeichen sind Eigentum ihrer Inhaber, auch ohne<br>deren ausdr\u00fcckliche Kennzeichnung. Schreibfehler und Irrt\u00fcmer sowie \u00c4nderung ohne vorherige<br>Anzeige vorbehalten.<br>Nachdruck, Kopie und andere Nutzung usw. unserer Seiten und deren Inhalt nur mit unserer<br>ausdr\u00fccklichen Genehmigung.<br>F\u00fcr Vollst\u00e4ndigkeit, Fehler redaktioneller und technischer Art, Auslassungen usw., sowie die<br>Richtigkeit der Eintragungen, kann keine Haftung \u00fcbernommen werden.<br>Insbesondere kann keine Gew\u00e4hr f\u00fcr die Vollst\u00e4ndigkeit und Richtigkeit von Informationen<br>\u00fcbernommen werden, die \u00fcber weiterf\u00fchrende Links erreicht werden.<br>Anbieter sind f\u00fcr die eigenen Inhalte, die sie zur Nutzung bereithalten, nach den allgemeinen<br>Gesetzen verantwortlich. Von diesen eigenen Inhalten sind Querverweise auf die von anderen<br>Anbietern bereitgehaltenen Inhalte zu unterscheiden.<br>Die Verweise durch Hyperlinks auf Inhalte fremder Webseiten dienen lediglich der Information.<br>Die Verantwortlichkeit f\u00fcr diese fremden Inhalte liegt allein bei dem Anbieter, der die Inhalte<br>bereith\u00e4lt. Vor dem Einrichten des entsprechenden Verweises sind die Web-Seiten der anderen<br>Anbieter mit gro\u00dfer Sorgfalt und nach bestem Wissen und Gewissen \u00fcberpr\u00fcft worden. Es kann<br>jedoch keine Gew\u00e4hr f\u00fcr die Vollst\u00e4ndigkeit und Richtigkeit von Informationen \u00fcbernommen<br>werden, die \u00fcber weiterf\u00fchrende Hyperlinks erreicht werden. Der Inhalt der anderen Web-Seiten<br>kann jederzeit ohne Wissen der Praxis und Kollegen ge\u00e4ndert werden.<br>F\u00fcr s\u00e4mtliche Links auf Seiten mit fremden Inhalten gilt: Wir betonen, dass wir keinen Einfluss auf die<br>Gestaltung und die Inhalte der durch Links von unserer Homepage aus erreichbaren Seiten anderer<br>Anbieter haben und wir uns deren Inhalt nicht zu eigen machen. Diese Erkl\u00e4rung gilt f\u00fcr alle Seiten<br>dieser Homepage und die dort angebrachten Links auf fremde Inhalte.<br>Falls dieser Internetauftritt auf Seiten verweist, deren Inhalt Anlass zur Beanstandung gibt, bitten wir<br>Sie um eine Mitteilung (siehe \u201cKontakt\u201d im Men\u00fcpunkt oder per E-Mail).<br>Die Praxis beh\u00e4lt sich das Recht vor, ohne vorherige Ank\u00fcndigung die bereitgestellten Informationen<br>zu \u00e4ndern, zu erg\u00e4nzen oder zu entfernen.<br>Alle auf dieser Website vorliegenden Informationen wurden nach besten Wissen und Gewissen<br>zusammengestellt. Trotzdem sind Fehler\/ \u00c4nderungen etc. nicht ausgeschlossen. Bei Fragen oder<br>Unklarheiten sprechen Sie uns bitte jederzeit an.<br>Die hier dargestellten medizinischen Informationen erheben keinen Anspruch auf Vollst\u00e4ndigkeit und<br>ersetzen niemals die pers\u00f6nliche Untersuchung, Beratung und Behandlung durch eine \u00c4rztin oder<br>einen Arzt Ihrer Wahl.<\/p>\n<p><strong>Datenschutz:<\/strong><br>Sofern innerhalb dieses Internetangebotes die M\u00f6glichkeit zur Eingabe pers\u00f6nlicher Daten (Name,<br>Telefonnummer oder E-Mail-Adresse) besteht, so erfolgt die Preisgabe dieser Daten seitens des<br>Nutzers auf ausdr\u00fccklich freiwilliger Basis. Diese Daten werden ausschlie\u00dflich durch unser<br>Praxispersonal zur verbesserten Patientenvorsorge und -betreuung verwendet.<br>Zum Schutz Ihrer pers\u00f6nlichen Daten halten wir uns strikt an die Bestimmungen des<br>Datenschutzgesetzes. In keinem Fall werden die erhobenen Daten verkauft oder aus anderen<br>Gr\u00fcnden an Dritte weitergegeben. Bitte beachten Sie auch die Rubrik &#8222;Datenschutz&#8220; auf dieser Webseite.<\/p>\t\t\t\t\t\t\t\t<\/div>\n\t\t\t\t<\/div>\n\t\t\t\t\t<\/div>\n\t\t<\/div>\n\t\t\t\t\t<\/div>\n\t\t<\/section>\n\t\t\t\t<section class=\"elementor-section elementor-top-section elementor-element elementor-element-ccf5de4 elementor-section-boxed elementor-section-height-default elementor-section-height-default\" data-id=\"ccf5de4\" data-element_type=\"section\" data-e-type=\"section\">\n\t\t\t\t\t\t<div class=\"elementor-container elementor-column-gap-default\">\n\t\t\t\t\t<div class=\"elementor-column elementor-col-100 elementor-top-column elementor-element elementor-element-a18322c\" data-id=\"a18322c\" data-element_type=\"column\" data-e-type=\"column\">\n\t\t\t<div class=\"elementor-widget-wrap elementor-element-populated\">\n\t\t\t\t\t\t<div class=\"elementor-element elementor-element-22529c3 elementor-widget elementor-widget-spacer\" data-id=\"22529c3\" data-element_type=\"widget\" data-e-type=\"widget\" data-widget_type=\"spacer.default\">\n\t\t\t\t<div class=\"elementor-widget-container\">\n\t\t\t\t\t\t\t<div class=\"elementor-spacer\">\n\t\t\t<div class=\"elementor-spacer-inner\"><\/div>\n\t\t<\/div>\n\t\t\t\t\t\t<\/div>\n\t\t\t\t<\/div>\n\t\t\t\t\t<\/div>\n\t\t<\/div>\n\t\t\t\t\t<\/div>\n\t\t<\/section>\n\t\t\t\t<\/div>\n\t\t","protected":false},"excerpt":{"rendered":"<p>Impressum Angaben gem\u00e4\u00df \u00a7 5 TMG: Name der Gemeinschaftspraxis: MedizInKarlsruhe.de &nbsp;\u2013 \u00dcber\u00f6rtliche Berufsaus\u00fcbungsgemeinschaft f\u00fcr Allgemeine und Innere MedizinInhaber: Falk Dillmann, Dr. med. Dieter Geiger, Dr. med. Hermann Goebel, Christian Hauf M.Sc. Gesellschaftsform: GbR Hauptbetriebsst\u00e4tte: Internistisches Diagnostikzentrum KarlsruheRintheimer Str. 90, 76131 KarlsruheTel. 0721 \/ 957 953 90 Nebenbetriebsst\u00e4tte: Praxis OststadtHaid-und-Neu-Str. 32, 76131 KarlsruheTel. 0721 \/ 69 [&hellip;]<\/p>\n","protected":false},"author":4,"featured_media":0,"parent":0,"menu_order":0,"comment_status":"closed","ping_status":"closed","template":"","meta":{"ocean_post_layout":"full-screen","ocean_both_sidebars_style":"","ocean_both_sidebars_content_width":0,"ocean_both_sidebars_sidebars_width":0,"ocean_sidebar":"0","ocean_second_sidebar":"0","ocean_disable_margins":"enable","ocean_add_body_class":"","ocean_shortcode_before_top_bar":"","ocean_shortcode_after_top_bar":"","ocean_shortcode_before_header":"","ocean_shortcode_after_header":"","ocean_has_shortcode":"","ocean_shortcode_after_title":"","ocean_shortcode_before_footer_widgets":"","ocean_shortcode_after_footer_widgets":"","ocean_shortcode_before_footer_bottom":"","ocean_shortcode_after_footer_bottom":"","ocean_display_top_bar":"default","ocean_display_header":"default","ocean_header_style":"","ocean_center_header_left_menu":"0","ocean_custom_header_template":"0","ocean_custom_logo":0,"ocean_custom_retina_logo":0,"ocean_custom_logo_max_width":0,"ocean_custom_logo_tablet_max_width":0,"ocean_custom_logo_mobile_max_width":0,"ocean_custom_logo_max_height":0,"ocean_custom_logo_tablet_max_height":0,"ocean_custom_logo_mobile_max_height":0,"ocean_header_custom_menu":"0","ocean_menu_typo_font_family":"0","ocean_menu_typo_font_subset":"","ocean_menu_typo_font_size":0,"ocean_menu_typo_font_size_tablet":0,"ocean_menu_typo_font_size_mobile":0,"ocean_menu_typo_font_size_unit":"px","ocean_menu_typo_font_weight":"","ocean_menu_typo_font_weight_tablet":"","ocean_menu_typo_font_weight_mobile":"","ocean_menu_typo_transform":"","ocean_menu_typo_transform_tablet":"","ocean_menu_typo_transform_mobile":"","ocean_menu_typo_line_height":0,"ocean_menu_typo_line_height_tablet":0,"ocean_menu_typo_line_height_mobile":0,"ocean_menu_typo_line_height_unit":"","ocean_menu_typo_spacing":0,"ocean_menu_typo_spacing_tablet":0,"ocean_menu_typo_spacing_mobile":0,"ocean_menu_typo_spacing_unit":"","ocean_menu_link_color":"","ocean_menu_link_color_hover":"","ocean_menu_link_color_active":"","ocean_menu_link_background":"","ocean_menu_link_hover_background":"","ocean_menu_link_active_background":"","ocean_menu_social_links_bg":"","ocean_menu_social_hover_links_bg":"","ocean_menu_social_links_color":"","ocean_menu_social_hover_links_color":"","ocean_disable_title":"on","ocean_disable_heading":"default","ocean_post_title":"","ocean_post_subheading":"","ocean_post_title_style":"","ocean_post_title_background_color":"","ocean_post_title_background":0,"ocean_post_title_bg_image_position":"","ocean_post_title_bg_image_attachment":"","ocean_post_title_bg_image_repeat":"","ocean_post_title_bg_image_size":"","ocean_post_title_height":0,"ocean_post_title_bg_overlay":0.5,"ocean_post_title_bg_overlay_color":"","ocean_disable_breadcrumbs":"default","ocean_breadcrumbs_color":"","ocean_breadcrumbs_separator_color":"","ocean_breadcrumbs_links_color":"","ocean_breadcrumbs_links_hover_color":"","ocean_display_footer_widgets":"default","ocean_display_footer_bottom":"default","ocean_custom_footer_template":"0","footnotes":""},"class_list":["post-257","page","type-page","status-publish","hentry","entry"],"_links":{"self":[{"href":"https:\/\/www.medizinkarlsruhe.de\/index.php?rest_route=\/wp\/v2\/pages\/257","targetHints":{"allow":["GET"]}}],"collection":[{"href":"https:\/\/www.medizinkarlsruhe.de\/index.php?rest_route=\/wp\/v2\/pages"}],"about":[{"href":"https:\/\/www.medizinkarlsruhe.de\/index.php?rest_route=\/wp\/v2\/types\/page"}],"author":[{"embeddable":true,"href":"https:\/\/www.medizinkarlsruhe.de\/index.php?rest_route=\/wp\/v2\/users\/4"}],"replies":[{"embeddable":true,"href":"https:\/\/www.medizinkarlsruhe.de\/index.php?rest_route=%2Fwp%2Fv2%2Fcomments&post=257"}],"version-history":[{"count":37,"href":"https:\/\/www.medizinkarlsruhe.de\/index.php?rest_route=\/wp\/v2\/pages\/257\/revisions"}],"predecessor-version":[{"id":2994,"href":"https:\/\/www.medizinkarlsruhe.de\/index.php?rest_route=\/wp\/v2\/pages\/257\/revisions\/2994"}],"wp:attachment":[{"href":"https:\/\/www.medizinkarlsruhe.de\/index.php?rest_route=%2Fwp%2Fv2%2Fmedia&parent=257"}],"curies":[{"name":"wp","href":"https:\/\/api.w.org\/{rel}","templated":true}]}}