{"id":59,"date":"2022-08-19T16:19:46","date_gmt":"2022-08-19T14:19:46","guid":{"rendered":"https:\/\/www.medizinkarlsruhe.de\/?page_id=59"},"modified":"2025-09-22T14:17:51","modified_gmt":"2025-09-22T12:17:51","slug":"jobs-und-karriere","status":"publish","type":"page","link":"https:\/\/www.medizinkarlsruhe.de\/?page_id=59","title":{"rendered":"Jobs und Karriere"},"content":{"rendered":"\t\t<div data-elementor-type=\"wp-page\" data-elementor-id=\"59\" class=\"elementor elementor-59\" data-elementor-post-type=\"page\">\n\t\t\t\t\t\t<section class=\"elementor-section elementor-top-section elementor-element elementor-element-67ac0d9 elementor-section-boxed elementor-section-height-default elementor-section-height-default\" data-id=\"67ac0d9\" data-element_type=\"section\" data-e-type=\"section\">\n\t\t\t\t\t\t<div class=\"elementor-container elementor-column-gap-default\">\n\t\t\t\t\t<div class=\"elementor-column elementor-col-100 elementor-top-column elementor-element elementor-element-d189a3b\" data-id=\"d189a3b\" data-element_type=\"column\" data-e-type=\"column\">\n\t\t\t<div class=\"elementor-widget-wrap elementor-element-populated\">\n\t\t\t\t\t\t<div class=\"elementor-element elementor-element-2b2d036 elementor-widget elementor-widget-spacer\" data-id=\"2b2d036\" data-element_type=\"widget\" data-e-type=\"widget\" data-widget_type=\"spacer.default\">\n\t\t\t\t<div class=\"elementor-widget-container\">\n\t\t\t\t\t\t\t<div class=\"elementor-spacer\">\n\t\t\t<div class=\"elementor-spacer-inner\"><\/div>\n\t\t<\/div>\n\t\t\t\t\t\t<\/div>\n\t\t\t\t<\/div>\n\t\t\t\t\t<\/div>\n\t\t<\/div>\n\t\t\t\t\t<\/div>\n\t\t<\/section>\n\t\t\t\t<section class=\"elementor-section elementor-top-section elementor-element elementor-element-1ae390e elementor-section-boxed elementor-section-height-default elementor-section-height-default\" data-id=\"1ae390e\" data-element_type=\"section\" data-e-type=\"section\">\n\t\t\t\t\t\t<div class=\"elementor-container elementor-column-gap-default\">\n\t\t\t\t\t<div class=\"elementor-column elementor-col-100 elementor-top-column elementor-element elementor-element-ad8a404\" data-id=\"ad8a404\" data-element_type=\"column\" data-e-type=\"column\">\n\t\t\t<div class=\"elementor-widget-wrap elementor-element-populated\">\n\t\t\t\t\t\t<div class=\"elementor-element elementor-element-1e6e622 elementor-widget elementor-widget-heading\" data-id=\"1e6e622\" data-element_type=\"widget\" data-e-type=\"widget\" data-widget_type=\"heading.default\">\n\t\t\t\t<div class=\"elementor-widget-container\">\n\t\t\t\t\t<h2 class=\"elementor-heading-title elementor-size-default\">Jobs und Karriere<\/h2>\t\t\t\t<\/div>\n\t\t\t\t<\/div>\n\t\t\t\t\t<\/div>\n\t\t<\/div>\n\t\t\t\t\t<\/div>\n\t\t<\/section>\n\t\t\t\t<section class=\"elementor-section elementor-top-section elementor-element elementor-element-8c5f256 elementor-section-boxed elementor-section-height-default elementor-section-height-default\" data-id=\"8c5f256\" data-element_type=\"section\" data-e-type=\"section\">\n\t\t\t\t\t\t<div class=\"elementor-container elementor-column-gap-default\">\n\t\t\t\t\t<div class=\"elementor-column elementor-col-100 elementor-top-column elementor-element elementor-element-fa5bf83\" data-id=\"fa5bf83\" data-element_type=\"column\" data-e-type=\"column\">\n\t\t\t<div class=\"elementor-widget-wrap elementor-element-populated\">\n\t\t\t\t\t\t<div class=\"elementor-element elementor-element-9799b9c elementor-widget elementor-widget-spacer\" data-id=\"9799b9c\" data-element_type=\"widget\" data-e-type=\"widget\" data-widget_type=\"spacer.default\">\n\t\t\t\t<div class=\"elementor-widget-container\">\n\t\t\t\t\t\t\t<div class=\"elementor-spacer\">\n\t\t\t<div class=\"elementor-spacer-inner\"><\/div>\n\t\t<\/div>\n\t\t\t\t\t\t<\/div>\n\t\t\t\t<\/div>\n\t\t\t\t\t<\/div>\n\t\t<\/div>\n\t\t\t\t\t<\/div>\n\t\t<\/section>\n\t\t\t\t<section class=\"elementor-section elementor-top-section elementor-element elementor-element-48f065c elementor-section-boxed elementor-section-height-default elementor-section-height-default\" data-id=\"48f065c\" data-element_type=\"section\" data-e-type=\"section\">\n\t\t\t\t\t\t<div class=\"elementor-container elementor-column-gap-default\">\n\t\t\t\t\t<div class=\"elementor-column elementor-col-50 elementor-top-column elementor-element elementor-element-09b2b08\" data-id=\"09b2b08\" data-element_type=\"column\" data-e-type=\"column\">\n\t\t\t<div class=\"elementor-widget-wrap elementor-element-populated\">\n\t\t\t\t\t\t<div class=\"elementor-element elementor-element-2adf8a6 elementor-widget elementor-widget-text-editor\" data-id=\"2adf8a6\" data-element_type=\"widget\" data-e-type=\"widget\" data-widget_type=\"text-editor.default\">\n\t\t\t\t<div class=\"elementor-widget-container\">\n\t\t\t\t\t\t\t\t\t<h2><strong>Werde Teil unseres jungen Teams!<\/strong><\/h2>\t\t\t\t\t\t\t\t<\/div>\n\t\t\t\t<\/div>\n\t\t\t\t\t<\/div>\n\t\t<\/div>\n\t\t\t\t<div class=\"elementor-column elementor-col-50 elementor-top-column elementor-element elementor-element-e7d1b61\" data-id=\"e7d1b61\" data-element_type=\"column\" data-e-type=\"column\">\n\t\t\t<div class=\"elementor-widget-wrap elementor-element-populated\">\n\t\t\t\t\t\t<div class=\"elementor-element elementor-element-2265b68 elementor-widget elementor-widget-text-editor\" data-id=\"2265b68\" data-element_type=\"widget\" data-e-type=\"widget\" data-widget_type=\"text-editor.default\">\n\t\t\t\t<div class=\"elementor-widget-container\">\n\t\t\t\t\t\t\t\t\t<p>Wir finden Medizin spannend und die Arbeit mit Menschen bereichernd.<\/p>\n<p>Wir sind immer auf der Suche nach Menschen, die diese Begeisterung mit uns teilen und sich f\u00fcr eine Karriere in der Medizinbranche interessieren.<\/p>\n<p>Hierbei sind wir sehr aufgeschlossen, neue Wege zu gehen, und bieten ein breites Spektrum an M\u00f6glichkeiten zur Aus- und Weiterbildung.<\/p>\n<p>Unseren Mitarbeiterinnen und Mitarbeitern bieten wir, in Einklang mit unserem <a href=\"https:\/\/www.medizinkarlsruhe.de\/?page_id=41\"><span style=\"color: #0000ff;\">Leitbild<\/span><\/a>, moderne Arbeitspl\u00e4tze und Arbeitsbedingungen. Durch unsere mehreren Standorte sind Rotationen in unsere verschiedenen Praxen und Teilbereiche unserer Gemeinschaftspraxis m\u00f6glich.<br>Auszubildende, medizinische Fachangestellte und auch unser \u00c4rzteteam k\u00f6nnen auf Wunsch \u00f6rtlich oder thematisch abwechselnd innerhalb unseres Unternehmens t\u00e4tig werden. <br>Das Spektrum in Aus- und Weiterbildung wird so erh\u00f6ht und es ergibt sich die M\u00f6glichkeit einer abwechslungsreichen und auch langfristig spannenden und erf\u00fcllenden T\u00e4tigkeit.<\/p>\n<p>Aufstiegsm\u00f6glichkeiten (z.B. zur Team- oder Standortleitung im Bereich der medizinischen Fachangestellten) bieten sich f\u00fcr engagierte Pers\u00f6nlichkeiten.<\/p>\n<p>Durch unser breites <a href=\"https:\/\/www.medizinkarlsruhe.de\/?page_id=51\"><span style=\"color: #0000ff;\">medizinisches Spektrum<\/span><\/a> ergeben sich viele Entwicklungsm\u00f6glichkeiten.<\/p>\n<p><\/p>\t\t\t\t\t\t\t\t<\/div>\n\t\t\t\t<\/div>\n\t\t\t\t\t<\/div>\n\t\t<\/div>\n\t\t\t\t\t<\/div>\n\t\t<\/section>\n\t\t\t\t<section class=\"elementor-section elementor-top-section elementor-element elementor-element-57a6983 elementor-section-boxed elementor-section-height-default elementor-section-height-default\" data-id=\"57a6983\" data-element_type=\"section\" data-e-type=\"section\">\n\t\t\t\t\t\t<div class=\"elementor-container elementor-column-gap-default\">\n\t\t\t\t\t<div class=\"elementor-column elementor-col-100 elementor-top-column elementor-element elementor-element-230010e\" data-id=\"230010e\" data-element_type=\"column\" data-e-type=\"column\">\n\t\t\t<div class=\"elementor-widget-wrap elementor-element-populated\">\n\t\t\t\t\t\t<div class=\"elementor-element elementor-element-be61b79 elementor-widget elementor-widget-spacer\" data-id=\"be61b79\" data-element_type=\"widget\" data-e-type=\"widget\" data-widget_type=\"spacer.default\">\n\t\t\t\t<div class=\"elementor-widget-container\">\n\t\t\t\t\t\t\t<div class=\"elementor-spacer\">\n\t\t\t<div class=\"elementor-spacer-inner\"><\/div>\n\t\t<\/div>\n\t\t\t\t\t\t<\/div>\n\t\t\t\t<\/div>\n\t\t\t\t\t<\/div>\n\t\t<\/div>\n\t\t\t\t\t<\/div>\n\t\t<\/section>\n\t\t\t\t<section class=\"elementor-section elementor-top-section elementor-element elementor-element-2105ac7 elementor-section-boxed elementor-section-height-default elementor-section-height-default\" data-id=\"2105ac7\" data-element_type=\"section\" data-e-type=\"section\">\n\t\t\t\t\t\t<div class=\"elementor-container elementor-column-gap-default\">\n\t\t\t\t\t<div class=\"elementor-column elementor-col-50 elementor-top-column elementor-element elementor-element-15bd8da\" data-id=\"15bd8da\" data-element_type=\"column\" data-e-type=\"column\">\n\t\t\t<div class=\"elementor-widget-wrap elementor-element-populated\">\n\t\t\t\t\t\t<div class=\"elementor-element elementor-element-3b104e5 elementor-widget elementor-widget-text-editor\" data-id=\"3b104e5\" data-element_type=\"widget\" data-e-type=\"widget\" data-widget_type=\"text-editor.default\">\n\t\t\t\t<div class=\"elementor-widget-container\">\n\t\t\t\t\t\t\t\t\t<h2><b>Wir bilden aus:<\/b><\/h2>\t\t\t\t\t\t\t\t<\/div>\n\t\t\t\t<\/div>\n\t\t\t\t\t<\/div>\n\t\t<\/div>\n\t\t\t\t<div class=\"elementor-column elementor-col-50 elementor-top-column elementor-element elementor-element-ba45d31\" data-id=\"ba45d31\" data-element_type=\"column\" data-e-type=\"column\">\n\t\t\t<div class=\"elementor-widget-wrap elementor-element-populated\">\n\t\t\t\t\t\t<div class=\"elementor-element elementor-element-afdcb00 elementor-widget elementor-widget-text-editor\" data-id=\"afdcb00\" data-element_type=\"widget\" data-e-type=\"widget\" data-widget_type=\"text-editor.default\">\n\t\t\t\t<div class=\"elementor-widget-container\">\n\t\t\t\t\t\t\t\t\t<p><b>Ausbildung zur Medizinischen Fachangestellten<br \/><\/b><\/p><hr \/><p><b>Weiterbildung zur N\u00e4PA (Nicht\u00e4rztliche Praxisassistentin)<br \/><\/b><\/p><hr \/><p><b>Weiterbildung zur Verah<\/b><br \/>siehe\u00a0<a style=\"font-size: 14px; background-color: #ffffff;\" href=\"https:\/\/www.haevbw.de\/verah\" target=\"_blank\" rel=\"noopener\">https:\/\/www.haevbw.de\/verah<\/a><\/p><hr \/><p><b>Studium zur Primary Care Manager*in<\/b><br \/>siehe\u00a0<a style=\"font-size: 14px; background-color: #ffffff;\" href=\"https:\/\/www.haev.de\/themen\/studium-fuer-verah\" target=\"_blank\" rel=\"noopener\">https:\/\/www.haev.de\/themen\/studium-fuer-verah<\/a><\/p><hr \/><p><strong>Physician Assistant\/ ArztassistentIn, Duales Studium an der Dualen Hochschule Baden-W\u00fcrttemberg\/ DHBW, <\/strong>siehe:\u00a0<a style=\"font-size: 14px; background-color: #ffffff;\" href=\"https:\/\/www.karlsruhe.dhbw.de\/pa\/studieninhalte-profil.html\" target=\"_blank\" rel=\"noopener\">https:\/\/www.karlsruhe.dhbw.de\/pa\/studieninhalte-profil.html<\/a><\/p><hr \/><div><p><b>Weiterbildung<\/b> <b>zur Fach\u00e4rztin\/ zum Facharzt f\u00fcr Allgemeinmedizin:<\/b><br \/>Im Rahmen der Gemeinschaftspraxis liegt die gemeinsame Weiterbildungsbefugnis (nach der aktuellen Weiterbildungsordnung) f\u00fcr 24 Monate Weiterbildung zum Erwerb der Facharztkompetenz Allgemeinmedizin vor.<\/p><hr \/><p><b>Weiterbildung zur Fach\u00e4rztin\/ zum Facharzt f\u00fcr Innere Medizin:<\/b><br \/>Im Rahmen der Gemeinschaftspraxis liegt die gemeinsame Weiterbildungsbefugnis (nach der aktuellen Weiterbildungsordnung) f\u00fcr 18 Monate Basisweiterbildung im Sektor der ambulanten haus\u00e4rztlichen Versorgung im Gebiet Innere Medizin und Allgemeinmedizin vor.<\/p><hr \/><p><strong>F\u00fcr Studentinnen und Studenten der Medizin<\/strong> bieten wir die M\u00f6glichkeit, eine <strong>Famulatur<\/strong> oder ein Teil des <strong>Praktischen Jahres<\/strong> bei uns abzuleisten.<\/p><hr \/><\/div><p>F\u00fcr alle unserer Mitarbeiterinnen und Mitarbeiter gibt es ein internes individuelles Weiterbildungsangebot.<\/p>\t\t\t\t\t\t\t\t<\/div>\n\t\t\t\t<\/div>\n\t\t\t\t\t<\/div>\n\t\t<\/div>\n\t\t\t\t\t<\/div>\n\t\t<\/section>\n\t\t\t\t<section class=\"elementor-section elementor-top-section elementor-element elementor-element-5355e1b elementor-section-boxed elementor-section-height-default elementor-section-height-default\" data-id=\"5355e1b\" data-element_type=\"section\" data-e-type=\"section\">\n\t\t\t\t\t\t<div class=\"elementor-container elementor-column-gap-default\">\n\t\t\t\t\t<div class=\"elementor-column elementor-col-100 elementor-top-column elementor-element elementor-element-9fd129f\" data-id=\"9fd129f\" data-element_type=\"column\" data-e-type=\"column\">\n\t\t\t<div class=\"elementor-widget-wrap elementor-element-populated\">\n\t\t\t\t\t\t<div class=\"elementor-element elementor-element-ed6b6a4 elementor-widget elementor-widget-spacer\" data-id=\"ed6b6a4\" data-element_type=\"widget\" data-e-type=\"widget\" data-widget_type=\"spacer.default\">\n\t\t\t\t<div class=\"elementor-widget-container\">\n\t\t\t\t\t\t\t<div class=\"elementor-spacer\">\n\t\t\t<div class=\"elementor-spacer-inner\"><\/div>\n\t\t<\/div>\n\t\t\t\t\t\t<\/div>\n\t\t\t\t<\/div>\n\t\t\t\t\t<\/div>\n\t\t<\/div>\n\t\t\t\t\t<\/div>\n\t\t<\/section>\n\t\t\t\t<section class=\"elementor-section elementor-top-section elementor-element elementor-element-e08b8d9 elementor-section-boxed elementor-section-height-default elementor-section-height-default\" data-id=\"e08b8d9\" data-element_type=\"section\" data-e-type=\"section\">\n\t\t\t\t\t\t<div class=\"elementor-container elementor-column-gap-default\">\n\t\t\t\t\t<div class=\"elementor-column elementor-col-50 elementor-top-column elementor-element elementor-element-394ef20\" data-id=\"394ef20\" data-element_type=\"column\" data-e-type=\"column\">\n\t\t\t<div class=\"elementor-widget-wrap elementor-element-populated\">\n\t\t\t\t\t\t<div class=\"elementor-element elementor-element-0de3f28 elementor-widget elementor-widget-image\" data-id=\"0de3f28\" data-element_type=\"widget\" data-e-type=\"widget\" data-widget_type=\"image.default\">\n\t\t\t\t<div class=\"elementor-widget-container\">\n\t\t\t\t\t\t\t\t\t\t\t\t\t\t\t<img fetchpriority=\"high\" decoding=\"async\" width=\"725\" height=\"1024\" src=\"https:\/\/www.medizinkarlsruhe.de\/wp-content\/uploads\/2023\/04\/Weiterbildungsverbund-725x1024.jpg\" class=\"attachment-large size-large wp-image-2870\" alt=\"\" srcset=\"https:\/\/www.medizinkarlsruhe.de\/wp-content\/uploads\/2023\/04\/Weiterbildungsverbund-725x1024.jpg 725w, https:\/\/www.medizinkarlsruhe.de\/wp-content\/uploads\/2023\/04\/Weiterbildungsverbund-212x300.jpg 212w, https:\/\/www.medizinkarlsruhe.de\/wp-content\/uploads\/2023\/04\/Weiterbildungsverbund-768x1085.jpg 768w, https:\/\/www.medizinkarlsruhe.de\/wp-content\/uploads\/2023\/04\/Weiterbildungsverbund-1087x1536.jpg 1087w, https:\/\/www.medizinkarlsruhe.de\/wp-content\/uploads\/2023\/04\/Weiterbildungsverbund-1449x2048.jpg 1449w, https:\/\/www.medizinkarlsruhe.de\/wp-content\/uploads\/2023\/04\/Weiterbildungsverbund-scaled.jpg 1812w\" sizes=\"(max-width: 725px) 100vw, 725px\" \/>\t\t\t\t\t\t\t\t\t\t\t\t\t\t\t<\/div>\n\t\t\t\t<\/div>\n\t\t\t\t\t<\/div>\n\t\t<\/div>\n\t\t\t\t<div class=\"elementor-column elementor-col-50 elementor-top-column elementor-element elementor-element-d8bf17e\" data-id=\"d8bf17e\" data-element_type=\"column\" data-e-type=\"column\">\n\t\t\t<div class=\"elementor-widget-wrap elementor-element-populated\">\n\t\t\t\t\t\t<div class=\"elementor-element elementor-element-7397ffe elementor-widget elementor-widget-text-editor\" data-id=\"7397ffe\" data-element_type=\"widget\" data-e-type=\"widget\" data-widget_type=\"text-editor.default\">\n\t\t\t\t<div class=\"elementor-widget-container\">\n\t\t\t\t\t\t\t\t\t<p>Wir sind <strong>Kooperationspartner der Verbundweiterbildung plus der KWBW<\/strong> (<a href=\"https:\/\/www.weiterbildung-allgemeinmedizin.de\/\"><span style=\"color: #0000ff;\">Kompetenzzentrum Weiterbildung Baden-W\u00fcrttemberg<\/span><\/a>) und sind Gr\u00fcndungsmitglied des <strong>Weiterbildungsverbundes Allgemeinmedizin der Region Karlsruhe<\/strong> (gegr\u00fcndet 13.01.2023)<\/p><p>Siehe:\u00a0 <a href=\"https:\/\/www.weiterbildung-allgemeinmedizin.de\/public\/weiterbildungsverbuende.jsp\"><span style=\"color: #0000ff;\">https:\/\/www.weiterbildung-allgemeinmedizin.de\/public\/weiterbildungsverbuende.jsp<\/span><\/a><\/p><p><a href=\"https:\/\/www.weiterbildung-allgemeinmedizin.de\/downloads\/verbuende\/Steckbrief_WBV_KWBW230308.pdf\"><span style=\"color: #0000ff;\">Steckbrief des Weiterbildungsverbundes Allgemeinmedizin der Region Karlsruhe<\/span><\/a><\/p>\t\t\t\t\t\t\t\t<\/div>\n\t\t\t\t<\/div>\n\t\t\t\t\t<\/div>\n\t\t<\/div>\n\t\t\t\t\t<\/div>\n\t\t<\/section>\n\t\t\t\t<section class=\"elementor-section elementor-top-section elementor-element elementor-element-4d4629d elementor-section-boxed elementor-section-height-default elementor-section-height-default\" data-id=\"4d4629d\" data-element_type=\"section\" data-e-type=\"section\">\n\t\t\t\t\t\t<div class=\"elementor-container elementor-column-gap-default\">\n\t\t\t\t\t<div class=\"elementor-column elementor-col-100 elementor-top-column elementor-element elementor-element-360b8e6\" data-id=\"360b8e6\" data-element_type=\"column\" data-e-type=\"column\">\n\t\t\t<div class=\"elementor-widget-wrap elementor-element-populated\">\n\t\t\t\t\t\t<div class=\"elementor-element elementor-element-3cda588 elementor-widget elementor-widget-spacer\" data-id=\"3cda588\" data-element_type=\"widget\" data-e-type=\"widget\" data-widget_type=\"spacer.default\">\n\t\t\t\t<div class=\"elementor-widget-container\">\n\t\t\t\t\t\t\t<div class=\"elementor-spacer\">\n\t\t\t<div class=\"elementor-spacer-inner\"><\/div>\n\t\t<\/div>\n\t\t\t\t\t\t<\/div>\n\t\t\t\t<\/div>\n\t\t\t\t\t<\/div>\n\t\t<\/div>\n\t\t\t\t\t<\/div>\n\t\t<\/section>\n\t\t\t\t<section class=\"elementor-section elementor-top-section elementor-element elementor-element-d2ed0b1 elementor-section-boxed elementor-section-height-default elementor-section-height-default\" data-id=\"d2ed0b1\" data-element_type=\"section\" data-e-type=\"section\">\n\t\t\t\t\t\t<div class=\"elementor-container elementor-column-gap-default\">\n\t\t\t\t\t<div class=\"elementor-column elementor-col-25 elementor-top-column elementor-element elementor-element-9fd3416\" data-id=\"9fd3416\" data-element_type=\"column\" data-e-type=\"column\">\n\t\t\t<div class=\"elementor-widget-wrap elementor-element-populated\">\n\t\t\t\t\t\t<div class=\"elementor-element elementor-element-44bc7c9 elementor-widget elementor-widget-text-editor\" data-id=\"44bc7c9\" data-element_type=\"widget\" data-e-type=\"widget\" data-widget_type=\"text-editor.default\">\n\t\t\t\t<div class=\"elementor-widget-container\">\n\t\t\t\t\t\t\t\t\t<h2><strong>Seminarraum\/ Interne Fortbildungen<br \/><\/strong><\/h2><p>Hier finden unsere Schulungen und Fortbildungen f\u00fcr alle Berufsgruppen statt.<\/p><p>Unseren \u00e4rztlichen Qualit\u00e4tszirkel mit Fortbildung und Fallvorstellungen halten wir einmal im Monat hier als Hybridveranstaltung ab. <br \/>Die Teilnahme ist in Pr\u00e4senz oder von zu Hause aus per Videokonferenz m\u00f6glich. <br \/>Bei Teilnahme werden 5 Fortbildungspunkte durch die \u00c4rztekammer gutgeschrieben.<\/p>\t\t\t\t\t\t\t\t<\/div>\n\t\t\t\t<\/div>\n\t\t\t\t\t<\/div>\n\t\t<\/div>\n\t\t\t\t<div class=\"elementor-column elementor-col-50 elementor-top-column elementor-element elementor-element-d554242\" data-id=\"d554242\" data-element_type=\"column\" data-e-type=\"column\">\n\t\t\t<div class=\"elementor-widget-wrap elementor-element-populated\">\n\t\t\t\t\t\t<div class=\"elementor-element elementor-element-3f63018 elementor-widget elementor-widget-image\" data-id=\"3f63018\" data-element_type=\"widget\" data-e-type=\"widget\" data-widget_type=\"image.default\">\n\t\t\t\t<div class=\"elementor-widget-container\">\n\t\t\t\t\t\t\t\t\t\t\t\t\t\t\t<img decoding=\"async\" width=\"1024\" height=\"697\" src=\"https:\/\/www.medizinkarlsruhe.de\/wp-content\/uploads\/2023\/01\/Seminarraum-1-1024x697.jpg\" class=\"attachment-large size-large wp-image-2242\" alt=\"\" srcset=\"https:\/\/www.medizinkarlsruhe.de\/wp-content\/uploads\/2023\/01\/Seminarraum-1-1024x697.jpg 1024w, https:\/\/www.medizinkarlsruhe.de\/wp-content\/uploads\/2023\/01\/Seminarraum-1-300x204.jpg 300w, https:\/\/www.medizinkarlsruhe.de\/wp-content\/uploads\/2023\/01\/Seminarraum-1-768x523.jpg 768w, https:\/\/www.medizinkarlsruhe.de\/wp-content\/uploads\/2023\/01\/Seminarraum-1-1536x1045.jpg 1536w, https:\/\/www.medizinkarlsruhe.de\/wp-content\/uploads\/2023\/01\/Seminarraum-1-2048x1394.jpg 2048w\" sizes=\"(max-width: 1024px) 100vw, 1024px\" \/>\t\t\t\t\t\t\t\t\t\t\t\t\t\t\t<\/div>\n\t\t\t\t<\/div>\n\t\t\t\t\t<\/div>\n\t\t<\/div>\n\t\t\t\t<div class=\"elementor-column elementor-col-25 elementor-top-column elementor-element elementor-element-d343c39\" data-id=\"d343c39\" data-element_type=\"column\" data-e-type=\"column\">\n\t\t\t<div class=\"elementor-widget-wrap\">\n\t\t\t\t\t\t\t<\/div>\n\t\t<\/div>\n\t\t\t\t\t<\/div>\n\t\t<\/section>\n\t\t\t\t<section class=\"elementor-section elementor-top-section elementor-element elementor-element-1ea8544 elementor-section-boxed elementor-section-height-default elementor-section-height-default\" data-id=\"1ea8544\" data-element_type=\"section\" data-e-type=\"section\">\n\t\t\t\t\t\t<div class=\"elementor-container elementor-column-gap-default\">\n\t\t\t\t\t<div class=\"elementor-column elementor-col-50 elementor-top-column elementor-element elementor-element-dd2b94b\" data-id=\"dd2b94b\" data-element_type=\"column\" data-e-type=\"column\">\n\t\t\t<div class=\"elementor-widget-wrap elementor-element-populated\">\n\t\t\t\t\t\t<div class=\"elementor-element elementor-element-d8769d5 elementor-widget elementor-widget-text-editor\" data-id=\"d8769d5\" data-element_type=\"widget\" data-e-type=\"widget\" data-widget_type=\"text-editor.default\">\n\t\t\t\t<div class=\"elementor-widget-container\">\n\t\t\t\t\t\t\t\t\t<h2><b>Bewerbungen bei uns:<br \/><\/b><\/h2>\t\t\t\t\t\t\t\t<\/div>\n\t\t\t\t<\/div>\n\t\t\t\t\t<\/div>\n\t\t<\/div>\n\t\t\t\t<div class=\"elementor-column elementor-col-50 elementor-top-column elementor-element elementor-element-5a379e0\" data-id=\"5a379e0\" data-element_type=\"column\" data-e-type=\"column\">\n\t\t\t<div class=\"elementor-widget-wrap elementor-element-populated\">\n\t\t\t\t\t\t<div class=\"elementor-element elementor-element-12b6c8a elementor-widget elementor-widget-text-editor\" data-id=\"12b6c8a\" data-element_type=\"widget\" data-e-type=\"widget\" data-widget_type=\"text-editor.default\">\n\t\t\t\t<div class=\"elementor-widget-container\">\n\t\t\t\t\t\t\t\t\t<p><strong>Bitte bewerben Sie sich mit den \u00fcblichen Unterlagen (Lebenslauf, Zeugnisse etc.), gerne per E-Mail an:<\/strong><\/p><p>MedizInKarlsruhe.de<br \/>\u00dcber\u00f6rtliche Berufsaus\u00fcbungsgemeinschaft f\u00fcr Allgemeine und Innere Medizin<br \/>Rintheimer Str. 90<br \/>76131 Karlsruhe<br \/>E-Mail: medizinkarlsruhe@online.de<\/p>\t\t\t\t\t\t\t\t<\/div>\n\t\t\t\t<\/div>\n\t\t\t\t\t<\/div>\n\t\t<\/div>\n\t\t\t\t\t<\/div>\n\t\t<\/section>\n\t\t\t\t<\/div>\n\t\t","protected":false},"excerpt":{"rendered":"<p>Jobs und Karriere Werde Teil unseres jungen Teams! Wir finden Medizin spannend und die Arbeit mit Menschen bereichernd. Wir sind immer auf der Suche nach Menschen, die diese Begeisterung mit uns teilen und sich f\u00fcr eine Karriere in der Medizinbranche interessieren. Hierbei sind wir sehr aufgeschlossen, neue Wege zu gehen, und bieten ein breites Spektrum [&hellip;]<\/p>\n","protected":false},"author":4,"featured_media":0,"parent":0,"menu_order":0,"comment_status":"closed","ping_status":"closed","template":"","meta":{"ocean_post_layout":"full-screen","ocean_both_sidebars_style":"","ocean_both_sidebars_content_width":0,"ocean_both_sidebars_sidebars_width":0,"ocean_sidebar":"0","ocean_second_sidebar":"0","ocean_disable_margins":"enable","ocean_add_body_class":"","ocean_shortcode_before_top_bar":"","ocean_shortcode_after_top_bar":"","ocean_shortcode_before_header":"","ocean_shortcode_after_header":"","ocean_has_shortcode":"","ocean_shortcode_after_title":"","ocean_shortcode_before_footer_widgets":"","ocean_shortcode_after_footer_widgets":"","ocean_shortcode_before_footer_bottom":"","ocean_shortcode_after_footer_bottom":"","ocean_display_top_bar":"default","ocean_display_header":"default","ocean_header_style":"","ocean_center_header_left_menu":"0","ocean_custom_header_template":"0","ocean_custom_logo":0,"ocean_custom_retina_logo":0,"ocean_custom_logo_max_width":0,"ocean_custom_logo_tablet_max_width":0,"ocean_custom_logo_mobile_max_width":0,"ocean_custom_logo_max_height":0,"ocean_custom_logo_tablet_max_height":0,"ocean_custom_logo_mobile_max_height":0,"ocean_header_custom_menu":"0","ocean_menu_typo_font_family":"0","ocean_menu_typo_font_subset":"","ocean_menu_typo_font_size":0,"ocean_menu_typo_font_size_tablet":0,"ocean_menu_typo_font_size_mobile":0,"ocean_menu_typo_font_size_unit":"px","ocean_menu_typo_font_weight":"","ocean_menu_typo_font_weight_tablet":"","ocean_menu_typo_font_weight_mobile":"","ocean_menu_typo_transform":"","ocean_menu_typo_transform_tablet":"","ocean_menu_typo_transform_mobile":"","ocean_menu_typo_line_height":0,"ocean_menu_typo_line_height_tablet":0,"ocean_menu_typo_line_height_mobile":0,"ocean_menu_typo_line_height_unit":"","ocean_menu_typo_spacing":0,"ocean_menu_typo_spacing_tablet":0,"ocean_menu_typo_spacing_mobile":0,"ocean_menu_typo_spacing_unit":"","ocean_menu_link_color":"","ocean_menu_link_color_hover":"","ocean_menu_link_color_active":"","ocean_menu_link_background":"","ocean_menu_link_hover_background":"","ocean_menu_link_active_background":"","ocean_menu_social_links_bg":"","ocean_menu_social_hover_links_bg":"","ocean_menu_social_links_color":"","ocean_menu_social_hover_links_color":"","ocean_disable_title":"on","ocean_disable_heading":"default","ocean_post_title":"","ocean_post_subheading":"","ocean_post_title_style":"","ocean_post_title_background_color":"","ocean_post_title_background":0,"ocean_post_title_bg_image_position":"","ocean_post_title_bg_image_attachment":"","ocean_post_title_bg_image_repeat":"","ocean_post_title_bg_image_size":"","ocean_post_title_height":0,"ocean_post_title_bg_overlay":0.5,"ocean_post_title_bg_overlay_color":"","ocean_disable_breadcrumbs":"default","ocean_breadcrumbs_color":"","ocean_breadcrumbs_separator_color":"","ocean_breadcrumbs_links_color":"","ocean_breadcrumbs_links_hover_color":"","ocean_display_footer_widgets":"default","ocean_display_footer_bottom":"default","ocean_custom_footer_template":"0","footnotes":""},"class_list":["post-59","page","type-page","status-publish","hentry","entry"],"_links":{"self":[{"href":"https:\/\/www.medizinkarlsruhe.de\/index.php?rest_route=\/wp\/v2\/pages\/59","targetHints":{"allow":["GET"]}}],"collection":[{"href":"https:\/\/www.medizinkarlsruhe.de\/index.php?rest_route=\/wp\/v2\/pages"}],"about":[{"href":"https:\/\/www.medizinkarlsruhe.de\/index.php?rest_route=\/wp\/v2\/types\/page"}],"author":[{"embeddable":true,"href":"https:\/\/www.medizinkarlsruhe.de\/index.php?rest_route=\/wp\/v2\/users\/4"}],"replies":[{"embeddable":true,"href":"https:\/\/www.medizinkarlsruhe.de\/index.php?rest_route=%2Fwp%2Fv2%2Fcomments&post=59"}],"version-history":[{"count":79,"href":"https:\/\/www.medizinkarlsruhe.de\/index.php?rest_route=\/wp\/v2\/pages\/59\/revisions"}],"predecessor-version":[{"id":8592,"href":"https:\/\/www.medizinkarlsruhe.de\/index.php?rest_route=\/wp\/v2\/pages\/59\/revisions\/8592"}],"wp:attachment":[{"href":"https:\/\/www.medizinkarlsruhe.de\/index.php?rest_route=%2Fwp%2Fv2%2Fmedia&parent=59"}],"curies":[{"name":"wp","href":"https:\/\/api.w.org\/{rel}","templated":true}]}}